 6?
251300
377 (base 10) to base 13
230
What is -362 (base 8) in base 6?
-1042
-20331 (base 4) to base 11
-481
Convert -1c8 (base 13) to base 8.
-515
What is -133311 (base 5) in base 13?
-2639
What is 24104 (base 5) in base 10?
1779
What is 32c (base 14) in base 9?
767
100b (base 14) to base 5
42010
Convert 5b8 (base 14) to base 5.
14032
-697 (base 11) to base 5
-11312
What is -1388 (base 12) in base 15?
-a0e
8446 (base 14) to base 16
590e
What is -5a (base 12) in base 15?
-4a
-2212 (base 3) to base 7
-140
Convert -6db (base 16) to base 4.
-123123
Convert -1002200111 (base 3) to base 6.
-244104
What is 4064 (base 9) in base 10?
2974
223c (base 13) to base 15
163d
d90b (base 16) to base 4
31210023
What is 939 (base 13) in base 6?
11133
Convert -24759 (base 12) to base 3.
-2111211220
What is 428 (base 13) in base 16?
2c6
Convert 16a (base 11) to base 6.
525
317f (base 16) to base 13
59c9
-202200200 (base 3) to base 4
-3223230
Convert -13331000 (base 4) to base 13.
-11a9b
Convert 15270 (base 8) to base 3.
100101100
What is -3c58 (base 13) in base 5?
-234232
Convert -349c (base 13) to base 15.
-22d1
What is -25177 (base 8) in base 16?
-2a7f
What is -f1 (base 16) in base 13?
-157
-1030424 (base 5) to base 4
-10103032
29a (base 15) to base 5
4340
What is 14202 (base 5) in base 12?
821
Convert -1089 (base 13) to base 7.
-6510
Convert -1907 (base 10) to base 2.
-11101110011
What is 110010011001101 (base 2) in base 12?
12b25
Convert -26098 (base 11) to base 4.
-21013333
Convert b0 (base 16) to base 2.
10110000
Convert 243 (base 16) to base 10.
579
1010011 (base 2) to base 12
6b
What is -12455 (base 6) in base 10?
-1907
What is 2303 (base 5) in base 14?
196
Convert -4131 (base 6) to base 8.
-1627
What is 100110010101 (base 2) in base 4?
212111
What is -1163 (base 8) in base 13?
-393
424 (base 9) to base 5
2341
Convert -347 (base 15) to base 14.
-3b0
What is -460 (base 11) in base 6?
-2314
Convert 11256 (base 10) to base 2.
10101111111000
-42101 (base 5) to base 14
-1024
Convert -721 (base 11) to base 14.
-462
What is 124 (base 11) in base 16?
93
What is -10111 (base 3) in base 4?
-1132
-1086 (base 10) to base 9
-1436
Convert -19043 (base 11) to base 8.
-64053
Convert -1011000100100 (base 2) to base 13.
-2770
What is -680a (base 13) in base 9?
-21850
223 (base 6) to base 2
1010111
Convert -1042 (base 5) to base 2.
-10010011
What is 2216 (base 12) in base 16?
eb2
Convert -10462 (base 7) to base 13.
-1282
What is -443e (base 16) in base 6?
-212514
What is -17 (base 14) in base 10?
-21
Convert 3635 (base 8) to base 4.
132131
What is -150 (base 13) in base 12?
-176
Convert 4424 (base 5) to base 13.
383
Convert -12921 (base 12) to base 15.
-785d
Convert 13b3 (base 13) to base 9.
3816
133200 (base 4) to base 16
7e0
What is 74c (base 13) in base 3?
1201012
-3d8 (base 15) to base 7
-2363
-25567 (base 8) to base 15
-346c
Convert 101120122 (base 3) to base 11.
5881
What is 24542 (base 7) in base 10?
6449
Convert 25303 (base 6) to base 12.
2233
What is 235 (base 13) in base 11?
318
-197 (base 13) to base 3
-101212
Convert -110111101 (base 2) to base 16.
-1bd
Convert 13311 (base 5) to base 2.
10000111001
-1000 (base 10) to base 12
-6b4
Convert -3618 (base 10) to base 15.
-1113
What is -4444 (base 5) in base 15?
-2b9
Convert -122121111 (base 3) to base 2.
-11001000100110
What is 1670 (base 8) in base 7?
2530
What is 44e (base 15) in base 9?
1302
What is -112220011 (base 3) in base 16?
-2a6a
What is 95 (base 16) in base 11?
126
Convert -7812 (base 10) to base 7.
-31530
50 (base 11) to base 2
110111
-1000212 (base 4) to base 6
-31050
Convert 345 (base 8) to base 12.
171
What is -517 (base 8) in base 10?
-335
Convert 6864 (base 14) to base 8.
43310
Convert 1308 (base 15) to base 12.
2422
Convert 100536 (base 7) to base 15.
50d9
-12248 (base 10) to base 9
-17718
What is -5179 (base 12) in base 5?
-241002
Convert -4002 (base 5) to base 11.
-417
What is -31ee (base 15) in base 11?
-7a43
Convert 5755 (base 10) to base 2.
1011001111011
332303 (base 4) to base 15
12ce
What is 23650 (base 12) in base 14?
134a8
Convert 1216 (base 7) to base 10.
454
What is 40540 (base 8) in base 9?
24855
-101155 (base 6) to base 4
-1331333
Convert 2176 (base 16) to base 7.
33655
Convert 52 (base 12) to base 16.
3e
What is 5a (base 13) in base 8?
113
Convert -11202001 (base 3) to base 11.
-2663
Convert -1011010001 (base 2) to base 3.
-222201
Convert -29a (base 12) to base 2.
-110010110
What is -1350 (base 8) in base 5?
-10434
-10010101011011 (base 2) to base 16
-255b
-12 (base 11) to base 16
-d
What is -3c01 (base 13) in base 5?
-233440
-37653 (base 9) to base 2
-110001011101000
17989 (base 14) to base 7
335332
What is 5f54 (base 16) in base 4?
11331110
a984 (base 11) to base 7
60151
-10a8 (base 15) to base 6
-24205
2be (base 15) to base 4
21311
Convert 1011011 (base 2) to base 14.
67
What is -3142 (base 6) in base 7?
-2033
Convert 30c (base 14) to base 6.
2440
What is c905 (base 15) in base 12?
20742
101001100 (base 2) to base 16
14c
What is 21033 (base 4) in base 2?
1001001111
-97a (base 15) to base 12
-12a4
-d5a (base 15) to base 4
-233002
-64333 (base 7) to base 16
-3e4d
Convert -99b (base 13) to base 8.
-3161
3651 (base 12) to base 11
4654
-170 (base 11) to base 10
-198
-15254 (base 6) to base 13
-118c
398 (base 16) to base 2
1110011000
Convert -20231 (base 4) to base 14.
-2bb
What is 22 (base 11) in base 2?
11000
What is 2313 (base 10) in base 7?
6513
What is 5e6 (base 15) in base 11?
100a
-5b9 (base 15) to base 9
-1703
Convert 23431 (base 7) to base 4.
1132201
134421 (base 6) to base 13
5a0a
Convert -22555 (base 7) to base 10.
-5773
21433 (base 8) to base 5
241422
What is a76 (base 15) in base 7?
6612
2214 (base 6) to base 9
631
What is 1200 (base 5) in base 10?
175
What is 566b (base 13) in base 12?
6bb4
What is 1111000000010 (base 2) in base 6?
55322
Convert -50a7 (base 11) to base 7.
-25513
What is -110010110110110 (base 2) in base 14?
-96bc
3a1 (base 11) to base 2
111011010
What is 5910 (base 14) in base 11?
1070a
24320 (base 5) to base 7
5231
Convert 100001000001 (base 2) to base 4.
201001
What is 25362 (base 7) in base 11?
5049
20221 (base 5) to base 2
10100011111
What is 123 (base 14) in base 13?
146
Convert -b78 (base 14) to base 12.
-1386
Convert 62b (base 14) to base 12.
853
What is 3750 (base 13) in base 4?
1322133
Convert -3249 (base 12) to base 14.
-202d
Convert -557 (base 9) to base 10.
-457
-8ab (base 16) to base 8
-4253
-23201120 (base 4) to base 2
-1011100001011000
Convert -2142 (base 9) to base 10.
-1577
-632 (base 13) to base 10
-1055
Convert 11244 (base 5) to base 4.
30320
-2502 (base 6) to base 12
-432
Convert 44040 (base 5) to base 9.
4125
What is a78 (base 14) in base 11?
1609
-35736 (base 8) to base 3
-210000122
What is 28d (base 14) in base 15?
247
Convert -102001012 (base 3) to base 13.
-3884
What is 6068 (base 12) in base 4?
2203100
-477 (base 9) to base 6
-1454
What is 24623 (base 7) in base 10?
6485
What is -18c (base 13) in base 6?
-1153
What is -14240 (base 7) in base 12?
-230b
What is -431423 (base 5) in base 13?
-6861
What is -44311 (base 5) in base 7?
-11661
-50c (base 13) to base 2
-1101011001
Convert 1010000111000 (base 2) to base 11.
3986
What is -663 (base 7) in base 15?
-179
What is -22101112 (base 3) in base 9?
-8345
What is 30202 (base 4) in base 10?
802
What is -1526 (base 11) in base 10?
-1964
What is -155041 (base 6) in base 3?
-210001221
65b (base 16) to base 5
23002
Convert -36648 (base 9) to base 4.
-12000023
Convert 54643 (base 8) to base 9.
34426
-12283 (base 11) to base 14
-65da
What is -23b2 (base 12) in base 6?
-30342
-147 (base 12) to base 7
-403
Convert -404 (base 12) to base 9.
-714
Convert 12bc8 (base 13) to base 2.
1000100010100010
What is -1021112 (base 3) in base 6?
-4152
-582 (base 14) to base 6
-5022
-1a7 (base 11) to base 7
-460
Convert -11303 (base 8) to base 6.
-34123
What is 6d5 (base 15) in base 8?
3016
-10c7 (base 13) to base 14
-c08
121022 (base 4) to base 5
22420
Convert -22434 (base 5) to base 11.
-1242
What is 3200002 (base 4) in base 16?
3802
What is 6e3a (base 15) in base 4?
11232133
1389 (base 10) to base 7
4023
-344321 (base 6) to base 11
-20186
What is -4704 (base 8) in base 10?
-2500
What is -1d13 (base 15) 